?
3, 5, 17, 19
Suppose 72*b - 27*b = 61335. List the prime factors of b.
29, 47
Let y = -13830 + 25521. What are the prime factors of y?
3, 433
Let h(m) = -27*m - 162. Let o be h(-6). Let c(g) = -3*g + 895. List the prime factors of c(o).
5, 179
Let w(l) = l**2 - 12*l - 1. Let m be w(11). Let f = m - -15. What are the prime factors of 0 - -97 - 2/2*f?
2, 47
Let r = -45851 - -96007. What are the prime factors of r?
2, 12539
Suppose 2*t - 43948 = -2*o, o = -193 + 199. What are the prime factors of t?
2, 1373
Let o be 18/(-4)*6/3. Let f be o/(-6) - (-21)/14. Suppose -4*j + d + d + 96 = 0, -f*j = 2*d - 58. List the prime factors of j.
2, 11
Suppose 4*k - 96 = -j, 11*j - 10*j - 100 = -5*k. What are the prime factors of j?
2, 5
Let d(s) be the second derivative of -3*s**5/10 - s**4/2 - 17*s**3/6 - 49*s**2/2 + 10*s + 7. List the prime factors of d(-7).
2, 7, 131
Let t = -1867 + 1869. Let z(q) = -q - 6. Let c be z(-6). Suppose c*n = 2*n + t*u - 194, 3*u = -9. What are the prime factors of n?
2, 5
Suppose -5*j = -3*a - 25, 0*j + 3*j + 4*a + 14 = 0. Suppose j*x - 1679 = 609. List the prime factors of x.
2, 11, 13
Suppose -2*y + 6*m = 10*m + 16, -3*y - 5*m - 21 = 0. What are the prime factors of (365/y)/((-5)/10)?
5, 73
Suppose 0 = -5*t + 2*p + 9376 + 3516, 2*t + 2*p - 5168 = 0. Suppose 0 = -4*o + 4*n + t, 5*n - 284 = -o + 349. List the prime factors of o.
643
Suppose -4*b - 135200 = -12*l, 3*l + 11*b - 33802 = 10*b. What are the prime factors of l?
19, 593
Let a(v) = 4*v + 26. Suppose 0 = 4*h + 4*p - 100, 0 = 3*h + 2*p - 38 - 34. Let n = 17 - h. List the prime factors of a(n).
2, 3
Let t(d) = -7*d**2 + 5*d - 4. Let f be t(4). Suppose 0 = -7*r + 48*r + 82. What are the prime factors of f/r*(-3 + (-85)/(-20))?
2, 3, 5
Let v(j) = 3*j - 13. Let s be v(-4). Let f be ((-3265)/s)/(1/5). Let m = -437 + f. What are the prime factors of m?
2, 3
Let r(q) = q**3 + 8*q**2 + 10*q + 23. Let l be r(-7). Suppose 2*s + 3*m - 9 = 0, m + l*m + 33 = 5*s. Suppose 0*a + s*a = 306. What are the prime factors of a?
3, 17
Let j(z) = 1601*z**2 + 202*z - 407. What are the prime factors of j(2)?
37, 173
Let d(c) = c + 116. Suppose -63 = -18*x + 27*x. What are the prime factors of d(x)?
109
Let y = -53 + -39. Let q = 32 - y. List the prime factors of q.
2, 31
Let o(a) = -a**2 + 1. Let j(t) = 0*t**2 + 0*t**3 + 4*t**2 - 7*t**2 - 5*t**3 + 7. Let l(y) = -j(y) + 3*o(y). List the prime factors of l(2).
2, 3
Let x(l) be the first derivative of -9*l**4/4 + 5*l**3 + 28*l + 2. What are the prime factors of x(-5)?
2, 191
Let s = 115485 + -18885. What are the prime factors of (s/168)/(0 + 2/2)?
5, 23
Suppose -20 = -2*o - 80. Let d = o + 28. List the prime factors of (-2)/(-24)*d - (-1396)/24.
2, 29
Let o = 1377 - -1793. What are the prime factors of o?
2, 5, 317
Let r = -18 + -18. Let q = r - 87. Let v = -45 - q. List the prime factors of v.
2, 3, 13
Let j = -10 + 12. Suppose -2*q + j*r = -3*q + 10, 2*q = -2*r + 14. What are the prime factors of ((-35)/(-7))/(1/q)?
2, 5
Suppose -m + 7809 = 2*u, 3*u - 3737 = 5*m + 7957. Let r = u - 2732. List the prime factors of r.
1171
Let j be (3/(-2))/(27/468). Let p = -25 - j. List the prime factors of 60/(-15) - -41*p.
37
Let h = 51890 + -29806. What are the prime factors of h?
2, 5521
What are the prime factors of 1 + (-208512)/(-15 - -9)?
23, 1511
Let v(d) = 379*d**2 - 4*d + 57. List the prime factors of v(-5).
2, 3, 199
Let f be ((-4)/40*-16)/((-2)/(-5)). Let j be (8/12)/(f/180). Suppose -60 - j = -10*m. What are the prime factors of m?
3
Suppose -16*y = 4*d - 11344, -3*y - 15959 + 4729 = -4*d. What are the prime factors of d?
2, 19, 37
Let m(c) = c**3 - 24*c**2 - 77*c - 338. List the prime factors of m(43).
2, 3, 11, 53
Let j = -744 + 2271. Suppose -4*n + 5411 = j. What are the prime factors of n?
971
Let a = -70 + 73. Let m be 8/4 + (-3 - (-3)/a). Suppose m = -j - 2 + 101. List the prime factors of j.
3, 11
What are the prime factors of 0 + 18/(-48) - (4 + 155553/(-24))?
3, 17, 127
What are the prime factors of (-3778346)/(-363) - 1/(-3)?
7, 1487
Suppose -5*r + 55*t - 56*t + 84237 = 0, -4*t = 5*r - 84228. List the prime factors of r.
2, 3, 13
Let c be (4/(-3))/(52/(-195)). What are the prime factors of c + (-14)/2 - -307?
5, 61
Let t(f) = -4*f + 33. Let u be t(-1). Let z(w) = 10*w - 262. List the prime factors of z(u).
2, 3
Suppose s = -4*a + 188907, -5*s = -34*a + 30*a + 188937. What are the prime factors of a?
2, 11807
Let l = 640 - -5228. List the prime factors of l.
2, 3, 163
Suppose 481*i = 487*i. Suppose i = 6*a - 590 + 524. List the prime factors of a.
11
Let x(f) = 14*f - 66. Let i be x(-10). What are the prime factors of 3/2 + (-282941)/i?
5, 11
Let g(z) be the third derivative of z**5/20 + z**4/24 + z**3/2 - 20*z**2. Let b be g(-6). Suppose -246 - b = -3*s. List the prime factors of s.
3, 13
Suppose -9 = -6*c - 3*c. Let q be (0 + c - 3)/(-7 - -6). Suppose q*o = -2*g + 204, 3*g + 3*o = 8*g - 550. What are the prime factors of g?
107
Suppose -460*z + 912*z = 456*z - 19740. List the prime factors of z.
3, 5, 7, 47
Suppose 9*a = 5*a + 12. Suppose 0 = -7*l + 3*l + 5*h + 28, 2 = a*l + h. Suppose l*x = -2*x + 308. List the prime factors of x.
7, 11
Let h(k) = 2*k**2 - 2*k - 21. Suppose -30*y + 27*y = 24. Let o(p) = p**2 - p - 14. Let a(f) = y*o(f) + 5*h(f). List the prime factors of a(-5).
67
Suppose 0 = -12*x + 9*x + s + 91094, -151852 = -5*x - 27*s. What are the prime factors of x?
5, 6073
Let q(v) be the first derivative of -v**2 - 4*v - 5. Let h be q(-3). Suppose 194 = t - 4*a, -5*t - 4*a + 582 = -h*t. List the prime factors of t.
2, 97
Suppose -4051*t = -4062*t + 149930. What are the prime factors of t?
2, 5, 29, 47
Suppose 10 = 6*u - 20. Suppose 0 = x - u*z - 11 + 50, 39 = -x - z. Let v = x - -112. List the prime factors of v.
73
List the prime factors of (-464)/24*4/(20/(-3615)).
2, 29, 241
Let j(p) = p**3 - 129*p**2 + 19*p - 670. List the prime factors of j(129).
13, 137
Let l(f) = -f**3 + 4*f**2 - 13*f + 2. Let z be l(-7). Suppose 3*b - z = 421. List the prime factors of b.
3, 13
What are the prime factors of ((-10)/55 + (-80346)/(-616))*128?
2, 521
Let s be -398 + (-8)/5 + 2/(-5). Let g = s + 762. List the prime factors of g.
2, 181
Suppose -u + 4*l + 2700 = 3*u, -4*u + 2703 = -3*l. List the prime factors of u/2 - (-3 - -4).
2, 13
Let j = -60212 + 135525. What are the prime factors of j?
7, 29, 53
Let r(d) = 133*d**3 + 3*d**2 - 36*d - 168. What are the prime factors of r(6)?
2, 3, 2371
Let q(o) be the first derivative of 43 + 252*o + 1/2*o**2. List the prime factors of q(0).
2, 3, 7
Let w = 44314 - 25007. What are the prime factors of w?
43, 449
Let i(a) = -a**3 - 13*a**2 + 17*a - 16. Let q(o) = -6*o - 26. Let d be q(-5). Suppose 10*x + 90 = d*x. List the prime factors of i(x).
179
Suppose -13*b + 15*b = 4. List the prime factors of 24 + -16 + 1116/b.
2, 283
What are the prime factors of (-19289)/(-1) - (7 - 6)*-9?
2, 9649
Let t = 31 - 38. Let s be 9/21 - (-3)/t. Suppose l - 5*g + 4 = 76, 4*l - 3*g - 288 = s. What are the prime factors of l?
2, 3
Let p(b) = 9*b**3 + 44*b**2 - 36*b + 27. Let v(r) = 3*r**3 + 15*r**2 - 12*r + 9. Let k(i) = -4*p(i) + 11*v(i). What are the prime factors of k(-6)?
3, 19
Let u be (290/(-15))/(14/(-21)). Suppose 122 - 37 = 5*p - 2*v, -p + u = 2*v. What are the prime factors of p?
19
Let c(p) = 5*p + 4. Let w be c(2). Let b(j) = -2*j**3 + 4*j**2 + 3*j - 10. Let k be b(2). List the prime factors of ((-120)/42)/(1/(w/k)).
2, 5
Let c(q) = -10611*q**3 + 4*q**2 - q - 6. What are the prime factors of c(-1)?
2, 5, 1061
Suppose -2004 = 4*z - 4*n, -z - 486 = -0*z + 2*n. Let v = z - -927. List the prime factors of v.
431
Let p be (-4)/22 - 1324/(-22). Suppose 4*d = 384 - p. Suppose 116 = l - 2*v, -l - 2*v - 3*v = -d. What are the prime factors of l?
2, 53
Suppose -477303 - 380270 - 650735 = -82*f. What are the prime factors of f?
2, 17, 541
Suppose -y = h - 34, 7*h - 2*h = -2*y + 155. Let p = 34 - h. List the prime factors of 14/p + -3 + 452/10.
3, 5
Let p(r) = 8*r**2 - 25*r + 75. Let s be p(14). What are the prime factors of (11/4)/(-11) - s/(-4)?
17, 19
Let o(i) be the third derivative of 0*i + 1/24*i**4 + 0 - 1/30*i**5 + 13/6*i**3 + 1/60*i**6 - 13*i**2. List the prime factors of o(4).
113
Suppose -17*d - 4*d = d. Li